{"id":810,"date":"2018-02-26T17:59:45","date_gmt":"2018-02-26T17:59:45","guid":{"rendered":"http:\/\/fichero.veterinariaudec.cl\/chillan\/wp-content\/uploads\/2018\/02\/PLANIFICACI\u00d3N-FECHAS-PUEBAS-DIAGN\u00d3STICAS-MEDICINA-VETERINARIA-CHILL\u00c1N-2018.xlsx"},"modified":"2018-02-26T17:59:45","modified_gmt":"2018-02-26T17:59:45","slug":"planificacion-fechas-puebas-diagnosticas-medicina-veterinaria-chillan-2018","status":"inherit","type":"attachment","link":"http:\/\/fichero.veterinariaudec.cl\/chillan\/?attachment_id=810","title":{"rendered":"PLANIFICACI\u00d3N FECHAS PUEBAS DIAGN\u00d3STICAS MEDICINA VETERINARIA CHILL\u00c1N 2018"},"author":2,"featured_media":0,"comment_status":"closed","ping_status":"closed","template":"","meta":[],"class_list":["post-810","attachment","type-attachment","status-inherit","hentry"],"description":{"rendered":"<p class=\"attachment\"><a href='http:\/\/fichero.veterinariaudec.cl\/chillan\/wp-content\/uploads\/2018\/02\/PLANIFICACI\u00d3N-FECHAS-PUEBAS-DIAGN\u00d3STICAS-MEDICINA-VETERINARIA-CHILL\u00c1N-2018.xlsx'>PLANIFICACI\u00d3N FECHAS PUEBAS DIAGN\u00d3STICAS MEDICINA VETERINARIA CHILL\u00c1N 2018<\/a><\/p>\n"},"caption":{"rendered":"<p>PLANIFICACI\u00d3N FECHAS PUEBAS DIAGN\u00d3STICAS MEDICINA VETERINARIA CHILL\u00c1N 2018<\/p>\n"},"alt_text":"","media_type":"file","mime_type":"application\/vnd.openxmlformats-officedocument.spreadsheetml.sheet","media_details":{},"post":807,"source_url":"http:\/\/fichero.veterinariaudec.cl\/chillan\/wp-content\/uploads\/2018\/02\/PLANIFICACI\u00d3N-FECHAS-PUEBAS-DIAGN\u00d3STICAS-MEDICINA-VETERINARIA-CHILL\u00c1N-2018.xlsx","_links":{"self":[{"href":"http:\/\/fichero.veterinariaudec.cl\/chillan\/index.php?rest_route=\/wp\/v2\/media\/810","targetHints":{"allow":["GET"]}}],"collection":[{"href":"http:\/\/fichero.veterinariaudec.cl\/chillan\/index.php?rest_route=\/wp\/v2\/media"}],"about":[{"href":"http:\/\/fichero.veterinariaudec.cl\/chillan\/index.php?rest_route=\/wp\/v2\/types\/attachment"}],"author":[{"embeddable":true,"href":"http:\/\/fichero.veterinariaudec.cl\/chillan\/index.php?rest_route=\/wp\/v2\/users\/2"}],"replies":[{"embeddable":true,"href":"http:\/\/fichero.veterinariaudec.cl\/chillan\/index.php?rest_route=%2Fwp%2Fv2%2Fcomments&post=810"}],"wp:attached-to":[{"embeddable":true,"post_type":"post","id":807,"href":"http:\/\/fichero.veterinariaudec.cl\/chillan\/index.php?rest_route=\/wp\/v2\/posts\/807"}],"curies":[{"name":"wp","href":"https:\/\/api.w.org\/{rel}","templated":true}]}}

http://fichero.veterinariaudec.cl/chillan/wp-content/uploads/2018/02/PLANIFICACIÓN-FECHAS-PUEBAS-DIAGNÓSTICAS-MEDICINA-VETERINARIA-CHILLÁN-2018.xlsx

PLANIFICACIÓN FECHAS PUEBAS DIAGNÓSTICAS MEDICINA VETERINARIA CHILLÁN 2018

<p class="attachment"><a href='http://fichero.veterinariaudec.cl/chillan/wp-content/uploads/2018/02/PLANIFICACIÓN-FECHAS-PUEBAS-DIAGNÓSTICAS-MEDICINA-VETERINARIA-CHILLÁN-2018.xlsx'>PLANIFICACIÓN FECHAS PUEBAS DIAGNÓSTICAS MEDICINA VETERINARIA CHILLÁN 2018</a></p>

<p>PLANIFICACIÓN FECHAS PUEBAS DIAGNÓSTICAS MEDICINA VETERINARIA CHILLÁN 2018</p>
